- 15*s + 15. Determine i(14).
1
Let m(l) = -3*l**3 + 4*l**2 - l + 4. Determine m(2).
-6
Let h(m) = 16*m + 3. Give h(2).
35
Let t(m) = -m**2 + 2*m - 4. What is t(0)?
-4
Let y(m) = 30*m - 74. Calculate y(2).
-14
Let i(w) = 6*w + 110. Calculate i(-29).
-64
Let z(l) = -l**2 + 2*l + 1. What is z(6)?
-23
Let v(i) = i**2 + 5*i - 42. Determine v(-10).
8
Let q(r) = -13*r + 6. Give q(8).
-98
Let c(z) = -z - 1. What is c(6)?
-7
Let z(a) = -10*a + 217. Determine z(21).
7
Let z(p) = 6*p - 73. Determine z(12).
-1
Let g(s) = -s**3 + 11*s**2 + 10*s + 24. Give g(12).
0
Let g(d) = d**2 - 13*d + 22. What is g(5)?
-18
Let w(k) = 10*k**2 + 72*k + 7. What is w(-7)?
-7
Let f(i) = i**3 + 9*i**2 - 27*i - 56. Calculate f(-11).
-1
Let a(s) = -s**3 - 8*s**2 - 10*s - 5. Give a(-7).
16
Let m(n) = n + 5. Determine m(-11).
-6
Let l(v) = v + 4. What is l(-7)?
-3
Let m(p) = -2*p**2 - 10*p + 1. Give m(-3).
13
Let a(s) = 2*s**2 - 18*s + 33. Give a(7).
5
Let i(p) = p**2 - 30*p + 137. Give i(24).
-7
Let x(k) = 15*k - 287. Determine x(19).
-2
Let k(v) = -v**2 - 20*v - 14. What is k(-16)?
50
Let i(m) = -m**3 + 7*m**2 + 9*m + 12. Calculate i(7).
75
Let c(a) = -a**2 + 23*a - 76. Give c(6).
26
Let h(n) = -2*n**2 - 18*n + 7. Give h(-9).
7
Let x(y) = -y**2 - 11*y + 14. Give x(-10).
24
Let s(x) = x**2 + 15*x + 30. What is s(-12)?
-6
Let x(l) = l + 2. Give x(0).
2
Let f(b) = -b**3 - 7*b**2 - 8*b + 4. Give f(-6).
16
Let b(p) = -3*p - 86. Give b(-24).
-14
Let c(l) = -10*l - 194. What is c(-15)?
-44
Let m(s) = -6*s**3 - 4*s**2 + 1. Determine m(-2).
33
Let b(q) = q + 20. Calculate b(-8).
12
Let k(m) = -m + 4. Give k(3).
1
Let x(r) = -17*r. What is x(2)?
-34
Let g(s) = 2*s + 24. Calculate g(-19).
-14
Let z(t) = 8*t**2 - 2*t - 3. What is z(1)?
3
Let i(d) = d**2 + 3*d - 1. What is i(2)?
9
Let y(o) = -o**3 + o**2 + o - 62. Give y(0).
-62
Let r(q) = -3*q**2 - 28*q - 15. What is r(-9)?
-6
Let q(c) = -c**2 - 18*c + 7. Calculate q(-18).
7
Let a(o) = o**2 + 10*o + 9. Determine a(-9).
0
Let i(l) = -l**2 + 25*l - 44. Calculate i(23).
2
Let z(k) = -k**3 - 8*k**2 - 6*k + 10. What is z(-7)?
3
Let q(t) = t**3 + 2*t**2 - 4*t + 7. What is q(-5)?
-48
Let i(r) = -4*r**2 - r + 3. Calculate i(-2).
-11
Let k(d) = -d - 19. Give k(6).
-25
Let h(r) = -4*r**2 + 1. What is h(-2)?
-15
Let q(i) = -i**3 - 9*i**2 - 8*i + 30. What is q(-5)?
-30
Let p(n) = -n**3 + 2*n**2 + n + 3. Give p(3).
-3
Let x(g) = 2*g**2 + 7*g + 1. Determine x(-3).
-2
Let k(l) = -2*l**2 - 23*l + 44. Determine k(-13).
5
Let y(u) = -u**3 - 21*u**2 - 20*u + 2. What is y(-20)?
2
Let d(m) = m**2 - 4*m + 9. Calculate d(6).
21
Let j(r) = -r**3 + r**2 + r + 1. Calculate j(3).
-14
Let w(h) = -h**2 + 18*h - 77. Calculate w(10).
3
Let f(s) = s**3 - 20*s**2 - 30. Calculate f(20).
-30
Let p(j) = j**3 - 5*j**2 + 2*j - 3. Calculate p(4).
-11
Let h(t) = -6*t + 38. Calculate h(7).
-4
Let m(i) = -i**2 - 7*i + 99. Determine m(7).
1
Let a(p) = -p**3 + 14*p**2 - 13*p + 15. What is a(13)?
15
Let i(l) = l**3 + 5*l**2 - 6*l - 2. Determine i(-6).
-2
Let a(u) = 53*u**2 - 1. Give a(1).
52
Let r(q) = q**3 - 14*q**2 + q - 23. What is r(14)?
-9
Let c(r) = -r**3 + 12*r**2 - 19*r - 17. Calculate c(10).
-7
Let f(x) = x**3 + 15*x**2 - 16*x - 3. Give f(-16).
-3
Let i(z) = -z**2 - 27*z + 12. Calculate i(-28).
-16
Let m(j) = -j**2 + 3*j - 15. Give m(5).
-25
Let v(o) = -o**3 - 3*o - 4. What is v(3)?
-40
Let r(w) = -5*w - 1. Calculate r(-2).
9
Let n(q) = q**2 - 25*q + 172. Give n(12).
16
Let h(k) = k**2 + 14*k - 4. Determine h(-14).
-4
Let n(j) = j**2 - 5*j - 2. What is n(5)?
-2
Let u(n) = -10*n**2 + 10*n + 7. Give u(-1).
-13
Let p(q) = -34*q - 1. Calculate p(1).
-35
Let z(f) = f**3 + 8*f**2 - 6. What is z(-8)?
-6
Let l(z) = 9*z + 4. Determine l(-10).
-86
Let u(x) = -x**3 + 12*x**2 + 11*x + 32. Determine u(13).
6
Let v(t) = -4*t - 9. Give v(-9).
27
Let r(h) = -h**3 + 3*h**2 - 2*h + 6. Determine r(4).
-18
Let v(s) = 28*s + 8. What is v(-1)?
-20
Let p(h) = h**2 + 10*h + 14. Determine p(-8).
-2
Let i(q) = q**2 - 8. Calculate i(4).
8
Let v(n) = n**2 + 109*n - 802. Determine v(7).
10
Let h(u) = -u**3 + 17*u**2 - 11. Calculate h(17).
-11
Let l(d) = 2*d**2 - 17*d + 35. Determine l(9).
44
Let q(p) = p**2 - 10*p - 2. Give q(9).
-11
Let i(t) = -t**2 - 13*t - 9. What is i(-14)?
-23
Let j(q) = q**2 + 9*q - 3. Calculate j(-8).
-11
Let h(g) = -5*g - 154. Determine h(-34).
16
Let n(c) = 13*c + 16. What is n(-3)?
-23
Let x(u) = 2*u - 28. Give x(-27).
-82
Let z(i) = i**3 - 8*i**2 + 5*i + 1. Give z(7).
-13
Let d(u) = 13*u - 384. Give d(30).
6
Let s(r) = -r**3 - r**2 + 12*r + 14. Calculate s(-3).
-4
Let v(o) = o**2 - 3*o + 2. Give v(4).
6
Let r(v) = -v**3 - v**2 + 2*v + 4. What is r(0)?
4
Let p(n) = -n**2 - 3*n - 13. Give p(-3).
-13
Let d(t) = -69*t + 11. Determine d(1).
-58
Let t(x) = 2*x**2 - 48*x - 4. What is t(24)?
-4
Let a(x) = 2*x**2 - 9*x - 8. Determine a(6).
10
Let z(c) = -6*c - 58. Calculate z(-7).
-16
Let q(n) = 4*n + 3. Determine q(5).
23
Let n(r) = -r**3 + 7*r**2 - 8*r - 2. Give n(6).
-14
Let k(b) = b**3 - 7*b**2 - 9*b + 18. Give k(8).
10
Let u(o) = o**2 - 2*o - 4. Give u(-4).
20
Let o(g) = -g - 4. Give o(-9).
5
Let n(h) = -h**2 - 5*h + 4. Calculate n(-6).
-2
Let n(a) = 12*a - 6. What is n(2)?
18
Let q(u) = 5*u + 13. Determine q(-4).
-7
Let g(t) = 5*t - 47. What is g(5)?
-22
Let f(z) = z**3 + 6*z**2 - 11*z - 17. Determine f(-7).
11
Let g(j) = j**2 - 79*j + 560. Give g(71).
-8
Let l(k) = 134*k + 667. Give l(-5).
-3
Let i(h) = 11*h - 778. What is i(71)?
3
Let y(t) = -t**2 + 13*t - 13. What is y(10)?
17
Let a(k) = 10*k - 3. What is a(1)?
7
Let w(x) = -x**2 - 15*x - 33. Determine w(-3).
3
Let t(o) = o**3 + 8*o**2 + 3*o + 20. Calculate t(-8).
-4
Let z(d) = d**3 + 11*d**2 + 23*d - 6. Calculate z(-3).
-3
Let x(z) = 42*z + 298. What is x(-7)?
4
Let s(z) = -23*z**3. What is s(1)?
-23
Let n(p) = -3*p**2 + 6*p + 20. Determine n(-6).
-124
Let d(s) = -s**3 - s**2 - s + 2. Determine d(2).
-12
Let t(k) = -30*k - 448. Determine t(-15).
2
Let h(m) = -m**3 + 52*m**2 - 105*m + 242. Calculate h(50).
-8
Let y(z) = 48*z**2 - 11*z + 18. Give y(2).
188
Let a(l) = l**2 + 11*l + 24. Determine a(-7).
-4
Let u(k) = k**3 + 9*k**2 - k - 16. Calculate u(-9).
-7
Let c(n) = 2*n + 7. Give c(-10).
-13
Let f(p) = -p**3 - 9*p**2 - 10*p - 19. Give f(-8).
-3
Let u(w) = 27*w + 126. Determine u(-6).
-36
Let b(u) = -2*u**2 + 11*u + 7. Calculate b(9).
-56
Let v(c) = c**2 - 23*c + 116. Calculate v(16).
4
Let r(c) = c**3 - 7*c**2 + 3*c + 8. Determine r(6).
-10
Let t(p) = 5*p**2 + p - 4. Determine t(3).
44
Let z(v) = -v**3 - 7*v**2 + 2*v + 7. Determine z(-7).
-7
Let i(j) = -j**3 + j**2 + 3*j + 7. Calculate i(3).
-2
Let k(r) = -r**3 - 7*r**2 + 2*r + 9. Calculate k(-5).
-51
Let q(x) = x**3 + 22*x**2 + 19*x - 47. Determine q(-21).
-5
Let m(j) = -j**3 + 12*j**2 + 7*j + 14. What is m(13)?
-64
Let g(x) = -82*x + 399. Calculate g(5).
-11
Let f(k) = k**3 - 2*k**2 + 25. Determine f(0).
25
Let c(l) = -l**3 - 7*l**2 - 10*l - 2. Calculate c(-5).
-2
Let k(c) = -4*c + 5. Give k(2).
-3
Let g(x) = 5*x + 6. Give g(6).
36
Let t(a) = -a**3 - 24*a**2 - 28*a - 48. Calculate t(-23).
67
Let h(j) = 42*j + 4. Calculate h(-1).
-38
Let c(m) = -m - 51. Give c(0).
-51
Let m(u) = -u**2 + 10*u + 20. Determine m(13).
-19
Let q(b) = -5*b + 6. Calculate q(3).
-9
Let t(g) = 49*g**3 + g**2 - 1. Calculate t(1).
49
Let z(q) = -54*q**2 - 3*q. What is z(1)?
-57
Let b(w) = -w**3 - 22*w**2 + 3*w + 37. Give b(-22).
-29
Let p(y) = -y**2 + 13*y + 6. What is p(13)?
6
Let x(h) = -h**2 - 10*h + 7. Calculate x(5).
-68
Let a(c) = c**2 + 4*c - 3. What is a(-5)?
2
Let u(a) = a**2 - 25*a + 27. Give u(24).
3
Let x(z) = -z - 30. Give x(-7).
-23
Let v(z) = z**2 + 17*z + 16. Calculate v(-18).
34
Let g(j) = 3*j - 20. Calculate g(5).
-5
Let b(u) = -31*u + 19. Give b(3).
-74
Let h(c) = -4*c**3 + 38*c**2 - 17*c. Give h(9).
9
Let s(x) = -14*x**2 + 2*x - 2. Determine s(-2).
-62
Let o(c) = -c**3 - 8*c**2 - 5*c - 6. What is o(-8)?
34
Let s(g) = -11*g - 182. What is s(-18)?
16
Let m(a) = 7*a - 2. Calculate m(5).
33
Let u(w) = w**3 + 7*w**2 + w - 5. What is u(-5)?
40
Let d(u) = 3*u - 1. Determine d(-2).
-7
Let q(y) = 3*y**2 - 4*y + 4. Calculate q(2).
8
Let b(k) = -k**2 - k + 8. Calculate b(0).
8
Let l(o) = -o**3 + 5*o**2 + 2*o - 16. Determine l(3).
8
Let h(s) = s**3 + 7*s**2 - 16*s - 136. Give h(-6).
-4